in base 15?
-53c
-1414 (base 11) to base 12
-1086
Convert -92a (base 12) to base 2.
-10100110010
Convert -35125 (base 12) to base 3.
-10121102102
Convert -1001101001110 (base 2) to base 4.
-1031032
What is -643 (base 7) in base 11?
-276
What is -b60a (base 13) in base 7?
-133305
What is -737 (base 11) in base 5?
-12022
-1546 (base 11) to base 3
-2201120
Convert -21301 (base 5) to base 2.
-10110101011
Convert -513b (base 14) to base 13.
-6487
What is 44410 (base 5) in base 4?
300201
Convert -104646 (base 7) to base 10.
-18507
What is -2313 (base 5) in base 4?
-11031
7140 (base 9) to base 16
1464
What is 1122 (base 14) in base 5?
43340
Convert 16088 (base 10) to base 4.
3323120
Convert -255 (base 14) to base 16.
-1d3
Convert -7038 (base 10) to base 12.
-40a6
Convert 10110000001110011 (base 2) to base 10.
90227
356a (base 11) to base 4
1021002
625 (base 16) to base 4
120211
Convert 1112221011 (base 3) to base 7.
155056
-9930 (base 11) to base 4
-3030231
30450 (base 6) to base 14
16a2
What is -4642 (base 7) in base 5?
-23241
What is 13450 (base 9) in base 11?
6939
Convert -163 (base 12) to base 15.
-e9
-2243 (base 7) to base 11
-681
What is 9ac6 (base 13) in base 7?
120022
What is 1214 (base 5) in base 6?
504
Convert -52534 (base 6) to base 8.
-15712
-355e (base 16) to base 6
-143130
What is 12061 (base 10) in base 5?
341221
1011111011 (base 2) to base 8
1373
What is -786 (base 10) in base 13?
-486
What is 110100221 (base 3) in base 16?
2338
-135 (base 8) to base 15
-63
What is 105031 (base 6) in base 12?
5177
Convert 91cc (base 13) to base 4.
10322032
What is 29b1 (base 16) in base 8?
24661
What is -6755 (base 10) in base 9?
-10235
Convert -6749 (base 12) to base 7.
-45222
What is 58b (base 16) in base 6?
10323
What is 22353 (base 6) in base 3?
11100020
Convert -27177 (base 10) to base 11.
-19467
Convert 154512 (base 6) to base 15.
4808
Convert -2077 (base 9) to base 12.
-a74
Convert 157 (base 15) to base 16.
133
What is -7c (base 16) in base 10?
-124
What is -2233201 (base 5) in base 16?
-9b79
-211011 (base 3) to base 9
-734
-51d2 (base 16) to base 15
-6316
-8554 (base 9) to base 7
-24220
Convert -1388 (base 11) to base 9.
-2408
Convert 7100 (base 8) to base 7.
13431
What is -2012111 (base 3) in base 5?
-22411
What is 3033 (base 4) in base 16?
cf
-444424 (base 5) to base 12
-9052
2277 (base 9) to base 6
11454
Convert -101100011110011 (base 2) to base 4.
-11203303
Convert -5ebd (base 15) to base 3.
-1000201021
Convert -10101110110 (base 2) to base 10.
-1398
Convert 114114 (base 5) to base 8.
10274
What is 200104 (base 5) in base 14?
2407
-277 (base 16) to base 15
-2c1
-143 (base 5) to base 14
-36
Convert 2970 (base 15) to base 7.
34614
What is 249 (base 10) in base 4?
3321
2604 (base 7) to base 9
1313
What is 346a (base 12) in base 13?
2875
-185 (base 15) to base 16
-15e
What is 1111 (base 2) in base 3?
120
Convert 10b9 (base 14) to base 12.
1823
What is 253405 (base 7) in base 11?
32220
473 (base 10) to base 2
111011001
Convert 100121001 (base 3) to base 14.
2798
Convert -10202 (base 5) to base 3.
-221002
What is -d80d (base 14) in base 8?
-110605
What is 647b (base 12) in base 10?
11039
-1342 (base 9) to base 4
-33302
-29b (base 15) to base 11
-4a2
Convert 24d (base 14) to base 7.
1226
What is 12307 (base 9) in base 12?
4951
What is 1c9 (base 15) in base 6?
1530
-24a (base 12) to base 5
-2341
What is 1001000110001001 (base 2) in base 15?
b08c
What is -13020 (base 5) in base 4?
-33302
Convert 1041 (base 8) to base 7.
1406
Convert -541 (base 9) to base 7.
-1201
-81f (base 16) to base 10
-2079
Convert 48c (base 13) to base 15.
37c
Convert 53 (base 7) to base 14.
2a
What is -234211 (base 5) in base 3?
-102220112
What is -49a6 (base 11) in base 2?
-1100110000001
Convert 3392 (base 15) to base 2.
10101010111001
-30780 (base 9) to base 16
-4f62
11220 (base 5) to base 10
810
Convert 1701 (base 14) to base 7.
15001
Convert -a9b7 (base 13) to base 12.
-11821
1465 (base 8) to base 2
1100110101
919 (base 15) to base 16
801
-1391 (base 11) to base 5
-24134
What is 2537 (base 8) in base 16?
55f
201111 (base 5) to base 9
8707
Convert -1b08 (base 15) to base 7.
-23036
What is 502 (base 8) in base 11?
273
What is -656 (base 10) in base 15?
-2db
What is be9f (base 16) in base 6?
1013531
Convert -1896 (base 12) to base 8.
-5662
Convert 11015 (base 9) to base 7.
30203
-1130031 (base 4) to base 13
-28bc
-3731 (base 9) to base 3
-10211001
Convert -200200 (base 3) to base 13.
-2ca
-4174 (base 9) to base 15
-d94
5bad (base 14) to base 3
210222200
Convert -398 (base 12) to base 6.
-2312
What is 3562 (base 10) in base 7?
13246
What is 382 (base 14) in base 3?
222000
1111 (base 10) to base 7
3145
Convert 22030231 (base 4) to base 8.
121455
What is 3b51 (base 12) in base 7?
25624
-212100 (base 3) to base 16
-276
What is -4602 (base 12) in base 15?
-2488
Convert 101011202 (base 3) to base 14.
29bc
What is -1130322 (base 4) in base 7?
-23223
What is -12202 (base 11) in base 14?
-6575
What is -b36b (base 12) in base 5?
-1111043
-263 (base 10) to base 6
-1115
1a5b (base 13) to base 5
111323
What is -34cd (base 14) in base 7?
-35546
-2695 (base 10) to base 2
-101010000111
What is 3533 (base 13) in base 6?
54342
Convert -3cb (base 13) to base 14.
-362
Convert -4a9 (base 15) to base 11.
-883
What is 10101100110 (base 2) in base 9?
1805
-2ca (base 15) to base 14
-33a
What is -1223 (base 7) in base 8?
-712
What is -3637 (base 11) in base 7?
-16606
What is 283e (base 16) in base 15?
30bc
Convert 1221 (base 6) to base 7.
610
-251 (base 8) to base 7
-331
Convert -498 (base 10) to base 8.
-762
Convert -10101000 (base 2) to base 10.
-168
22212 (base 12) to base 2
1011000010101110
-1555 (base 6) to base 2
-110101111
What is -13d (base 15) in base 3?
-101111
What is 8387 (base 13) in base 6?
220122
What is 4023 (base 9) in base 4?
231321
Convert -1044020 (base 6) to base 12.
-26610
171100 (base 8) to base 7
345543
3763 (base 12) to base 9
8533
-76e (base 15) to base 12
-b7b
-4642 (base 7) to base 4
-122200
3220 (base 4) to base 2
11101000
Convert 33232 (base 5) to base 9.
3154
-225 (base 13) to base 6
-1413
What is 100d (base 15) in base 8?
6474
What is 121012021 (base 3) in base 4?
2320132
Convert 487 (base 12) to base 7.
1660
-1000001111110000 (base 2) to base 14
-c448
What is 6ee (base 16) in base 6?
12114
What is -1270 (base 8) in base 9?
-853
What is 104411 (base 5) in base 9?
5105
Convert 168 (base 16) to base 11.
2a8
What is 36 (base 7) in base 5?
102
-5327 (base 8) to base 16
-ad7
Convert -2ba96 (base 13) to base 9.
-135885
-4480 (base 9) to base 7
-12441
-203 (base 9) to base 13
-c9
What is -20111 (base 4) in base 10?
-533
What is 111231 (base 5) in base 3?
12101222
-1011100000 (base 2) to base 14
-3a8
Convert 45236 (base 9) to base 8.
72604
What is 411042 (base 6) in base 7?
164111
334 (base 6) to base 3
11211
-884 (base 12) to base 7
-3436
Convert 718 (base 14) to base 11.
1058
-221224 (base 5) to base 8
-17011
What is 1234 (base 8) in base 5?
10133
Convert 1aa (base 13) to base 6.
1233
-16fd (base 16) to base 4
-1123331
What is 23525 (base 8) in base 7?
41233
-1b95 (base 12) to base 11
-2634
What is -2302 (base 5) in base 10?
-327
11110 (base 9) to base 5
214010
13215 (base 6) to base 10
2027
What is -28 (base 11) in base 13?
-24
Convert -13430 (base 6) to base 12.
-1276
10654 (base 7) to base 6
20354
Convert 1033130 (base 4) to base 10.
5084
What is -4037 (base 9) in base 5?
-43300
What is 11110101111 (base 2) in base 6?
13035
What is 14833 (base 12) in base 15?
8829
What is -1c39 (base 14) in base 12?
-2b8b
387a0 (base 12) to base 8
226550
-3002220 (base 4) to base 13
-5892
26534 (base 9) to base 3
220121011
Convert 1b07 (base 13) to base 4.
333133
Convert 100111000 (base 2) to base 5.
2222
What is -413 (base 10) in base 9?
-508
-390 (base 13) to base 2
-1001110000
What is -16872 (base 11) in base 5?
-1224144
Convert -345 (base 13) to base 5.
-4224
What is 47571 (base 9) in base 6?
403144
-2521 (base 8) to base 4
-111101
110a (base 14) to base 8
5606
-37a (base 15) to base 2
-1100010110
What is -63 (base 9) in base 15?
-3c
Convert -1201022012 (base 3) to base 9.
-51265
What is 283 (base 11) in base 8?
515
What is 3647 (base 9) in base 10?
2716
Convert 29737 (base 13) t